[INFO] cloning repository https://github.com/ajnewlands/switchboard
[INFO] running `Command { std: "git" "-c" "credential.helper=" "-c" "credential.helper=/workspace/cargo-home/bin/git-credential-null" "clone" "--bare" "https://github.com/ajnewlands/switchboard" "/workspace/cache/git-repos/https%3A%2F%2Fgithub.com%2Fajnewlands%2Fswitchboard", kill_on_drop: false }`
[INFO] [stderr] Cloning into bare repository '/workspace/cache/git-repos/https%3A%2F%2Fgithub.com%2Fajnewlands%2Fswitchboard'...
[INFO] running `Command { std: "git" "rev-parse" "HEAD", kill_on_drop: false }`
[INFO] [stdout] 622ac9a7baf4f414778b5e5d171d424b312e91b2
[INFO] checking ajnewlands/switchboard against master#af3c6e733a40e671550e0f0f5aeecaa13772ba56 for pr-74989
[INFO] running `Command { std: "git" "clone" "/workspace/cache/git-repos/https%3A%2F%2Fgithub.com%2Fajnewlands%2Fswitchboard" "/workspace/builds/worker-6/source", kill_on_drop: false }`
[INFO] [stderr] Cloning into '/workspace/builds/worker-6/source'...
[INFO] [stderr] done.
[INFO] validating manifest of git repo https://github.com/ajnewlands/switchboard on toolchain af3c6e733a40e671550e0f0f5aeecaa13772ba56
[INFO] running `Command { std: "/workspace/cargo-home/bin/cargo" "+af3c6e733a40e671550e0f0f5aeecaa13772ba56" "read-manifest" "--manifest-path" "Cargo.toml", kill_on_drop: false }`
[INFO] started tweaking git repo https://github.com/ajnewlands/switchboard
[INFO] finished tweaking git repo https://github.com/ajnewlands/switchboard
[INFO] tweaked toml for git repo https://github.com/ajnewlands/switchboard written to /workspace/builds/worker-6/source/Cargo.toml
[INFO] crate git repo https://github.com/ajnewlands/switchboard already has a lockfile, it will not be regenerated
[INFO] running `Command { std: "/workspace/cargo-home/bin/cargo" "+af3c6e733a40e671550e0f0f5aeecaa13772ba56" "fetch" "--locked" "--manifest-path" "Cargo.toml", kill_on_drop: false }`
[INFO] running `Command { std: "docker" "create" "-v" "/var/lib/crater-agent-workspace/builds/worker-6/target:/opt/rustwide/target:rw,Z" "-v" "/var/lib/crater-agent-workspace/builds/worker-6/source:/opt/rustwide/workdir:ro,Z" "-v" "/var/lib/crater-agent-workspace/cargo-home:/opt/rustwide/cargo-home:ro,Z" "-v" "/var/lib/crater-agent-workspace/rustup-home:/opt/rustwide/rustup-home:ro,Z" "-e" "SOURCE_DIR=/opt/rustwide/workdir" "-e" "CARGO_TARGET_DIR=/opt/rustwide/target" "-e" "CARGO_HOME=/opt/rustwide/cargo-home" "-e" "RUSTUP_HOME=/opt/rustwide/rustup-home" "-w" "/opt/rustwide/workdir" "-m" "1610612736" "--user" "0:0" "--network" "none" "rustops/crates-build-env@sha256:d92eaeed33fa75130ca1ee6c8a01d1ffb62bac859dfdfb3450e3e5d1c0146529" "/opt/rustwide/cargo-home/bin/cargo" "+af3c6e733a40e671550e0f0f5aeecaa13772ba56" "metadata" "--no-deps" "--format-version=1", kill_on_drop: false }`
[INFO] [stderr] WARNING: Your kernel does not support swap limit capabilities or the cgroup is not mounted. Memory limited without swap.
[INFO] [stdout] f2a4caf0484a8ea957738e72a8b9d8acaba5402f7ba4b204893fbf400da48182
[INFO] running `Command { std: "docker" "start" "-a" "f2a4caf0484a8ea957738e72a8b9d8acaba5402f7ba4b204893fbf400da48182", kill_on_drop: false }`
[INFO] running `Command { std: "docker" "inspect" "f2a4caf0484a8ea957738e72a8b9d8acaba5402f7ba4b204893fbf400da48182", kill_on_drop: false }`
[INFO] running `Command { std: "docker" "rm" "-f" "f2a4caf0484a8ea957738e72a8b9d8acaba5402f7ba4b204893fbf400da48182", kill_on_drop: false }`
[INFO] [stdout] f2a4caf0484a8ea957738e72a8b9d8acaba5402f7ba4b204893fbf400da48182
[INFO] running `Command { std: "docker" "create" "-v" "/var/lib/crater-agent-workspace/builds/worker-6/target:/opt/rustwide/target:rw,Z" "-v" "/var/lib/crater-agent-workspace/builds/worker-6/source:/opt/rustwide/workdir:ro,Z" "-v" "/var/lib/crater-agent-workspace/cargo-home:/opt/rustwide/cargo-home:ro,Z" "-v" "/var/lib/crater-agent-workspace/rustup-home:/opt/rustwide/rustup-home:ro,Z" "-e" "SOURCE_DIR=/opt/rustwide/workdir" "-e" "CARGO_TARGET_DIR=/opt/rustwide/target" "-e" "CARGO_INCREMENTAL=0" "-e" "RUST_BACKTRACE=full" "-e" "RUSTFLAGS=--cap-lints=forbid" "-e" "CARGO_HOME=/opt/rustwide/cargo-home" "-e" "RUSTUP_HOME=/opt/rustwide/rustup-home" "-w" "/opt/rustwide/workdir" "-m" "1610612736" "--user" "0:0" "--network" "none" "rustops/crates-build-env@sha256:d92eaeed33fa75130ca1ee6c8a01d1ffb62bac859dfdfb3450e3e5d1c0146529" "/opt/rustwide/cargo-home/bin/cargo" "+af3c6e733a40e671550e0f0f5aeecaa13772ba56" "check" "--frozen" "--all" "--all-targets" "--message-format=json", kill_on_drop: false }`
[INFO] [stdout] 3f319f364d121e71fff58c0eafce37f6025eb743f2f1b13ad49ec809653bde3c
[INFO] [stderr] WARNING: Your kernel does not support swap limit capabilities or the cgroup is not mounted. Memory limited without swap.
[INFO] running `Command { std: "docker" "start" "-a" "3f319f364d121e71fff58c0eafce37f6025eb743f2f1b13ad49ec809653bde3c", kill_on_drop: false }`
[INFO] [stderr]    Compiling libc v0.2.65
[INFO] [stderr]    Compiling unicode-xid v0.2.0
[INFO] [stderr]    Compiling syn v1.0.8
[INFO] [stderr]    Compiling semver-parser v0.7.0
[INFO] [stderr]    Compiling memchr v2.2.1
[INFO] [stderr]     Checking lazy_static v1.4.0
[INFO] [stderr]    Compiling byteorder v1.3.2
[INFO] [stderr]     Checking futures v0.1.29
[INFO] [stderr]    Compiling serde v1.0.102
[INFO] [stderr]     Checking slab v0.4.2
[INFO] [stderr]    Compiling proc-macro2 v0.4.30
[INFO] [stderr]    Compiling unicode-xid v0.1.0
[INFO] [stderr]    Compiling syn v0.15.44
[INFO] [stderr]     Checking scopeguard v1.0.0
[INFO] [stderr]     Checking fnv v1.0.6
[INFO] [stderr]     Checking rand_core v0.4.2
[INFO] [stderr]    Compiling bitflags v1.2.1
[INFO] [stderr]     Checking itoa v0.4.4
[INFO] [stderr]     Checking matches v0.1.8
[INFO] [stderr]    Compiling version_check v0.1.5
[INFO] [stderr]    Compiling ucd-trie v0.1.2
[INFO] [stderr]     Checking percent-encoding v1.0.1
[INFO] [stderr]     Checking copyless v0.1.4
[INFO] [stderr]     Checking linked-hash-map v0.5.2
[INFO] [stderr]    Compiling crc32fast v1.2.0
[INFO] [stderr]     Checking arc-swap v0.4.4
[INFO] [stderr]    Compiling httparse v1.3.4
[INFO] [stderr]    Compiling encoding_rs v0.8.20
[INFO] [stderr]    Compiling same-file v1.0.5
[INFO] [stderr]     Checking dtoa v0.4.4
[INFO] [stderr]    Compiling cookie-factory v0.2.4
[INFO] [stderr]     Checking sha1 v0.6.0
[INFO] [stderr]    Compiling quick-error v1.2.2
[INFO] [stderr]     Checking language-tags v0.2.2
[INFO] [stderr]    Compiling percent-encoding v2.1.0
[INFO] [stderr]    Compiling openssl v0.10.25
[INFO] [stderr]     Checking foreign-types-shared v0.1.1
[INFO] [stderr]    Compiling doc-comment v0.3.1
[INFO] [stderr]    Compiling nix v0.14.1
[INFO] [stderr]    Compiling v_htmlescape v0.4.5
[INFO] [stderr]    Compiling native-tls v0.2.3
[INFO] [stderr]     Checking hashbrown v0.3.1
[INFO] [stderr]     Checking openssl-probe v0.1.2
[INFO] [stderr]     Checking lazycell v1.2.1
[INFO] [stderr]     Checking void v1.0.2
[INFO] [stderr]    Compiling num-traits v0.2.9
[INFO] [stderr]    Compiling num-integer v0.1.41
[INFO] [stderr]    Compiling hashbrown v0.6.3
[INFO] [stderr]     Checking lock_api v0.3.1
[INFO] [stderr]     Checking lock_api v0.2.0
[INFO] [stderr]     Checking crossbeam-utils v0.6.6
[INFO] [stderr]     Checking thread_local v0.3.6
[INFO] [stderr]     Checking unicode-bidi v0.3.4
[INFO] [stderr]    Compiling c2-chacha v0.2.3
[INFO] [stderr]    Compiling semver v0.9.0
[INFO] [stderr]     Checking rand_core v0.3.1
[INFO] [stderr]     Checking rand_jitter v0.1.4
[INFO] [stderr]    Compiling pest v2.1.2
[INFO] [stderr]    Compiling walkdir v2.2.9
[INFO] [stderr]     Checking lru-cache v0.1.2
[INFO] [stderr]    Compiling nom v4.2.3
[INFO] [stderr]     Checking foreign-types v0.3.2
[INFO] [stderr]    Compiling log v0.4.8
[INFO] [stderr]    Compiling proc-macro2 v1.0.6
[INFO] [stderr]    Compiling maybe-uninit v2.0.0
[INFO] [stderr]    Compiling ryu v1.0.2
[INFO] [stderr]     Checking rand_xorshift v0.1.1
[INFO] [stderr]     Checking rand_hc v0.1.0
[INFO] [stderr]     Checking rand_isaac v0.1.1
[INFO] [stderr]     Checking smallvec v0.6.13
[INFO] [stderr]     Checking crossbeam-channel v0.3.9
[INFO] [stderr]     Checking rand_pcg v0.1.2
[INFO] [stderr]     Checking rand_chacha v0.1.1
[INFO] [stderr]    Compiling rustc_version v0.2.3
[INFO] [stderr]     Checking tokio-executor v0.1.8
[INFO] [stderr]     Checking tokio-sync v0.1.7
[INFO] [stderr]     Checking actix-service v0.4.2
[INFO] [stderr]    Compiling quote v1.0.2
[INFO] [stderr]     Checking base64 v0.10.1
[INFO] [stderr]    Compiling aho-corasick v0.7.6
[INFO] [stderr]     Checking unicode-normalization v0.1.9
[INFO] [stderr]     Checking flatbuffers v0.6.0
[INFO] [stderr]     Checking iovec v0.1.4
[INFO] [stderr]     Checking net2 v0.2.33
[INFO] [stderr]     Checking num_cpus v1.11.1
[INFO] [stderr]     Checking rand_os v0.1.3
[INFO] [stderr]     Checking getrandom v0.1.13
[INFO] [stderr]     Checking socket2 v0.3.11
[INFO] [stderr]     Checking hostname v0.1.5
[INFO] [stderr]     Checking time v0.1.42
[INFO] [stderr]     Checking signal-hook-registry v1.1.1
[INFO] [stderr]     Checking atty v0.2.13
[INFO] [stderr]    Compiling quote v0.6.13
[INFO] [stderr]    Compiling mime_guess v2.0.1
[INFO] [stderr]    Compiling jobserver v0.1.17
[INFO] [stderr]     Checking tokio-timer v0.2.11
[INFO] [stderr]     Checking tokio-current-thread v0.1.6
[INFO] [stderr]    Compiling pest_meta v2.1.2
[INFO] [stderr]    Compiling parking_lot_core v0.6.2
[INFO] [stderr]    Compiling parking_lot v0.9.0
[INFO] [stderr]    Compiling parking_lot_core v0.5.0
[INFO] [stderr]    Compiling parking_lot v0.8.0
[INFO] [stderr]     Checking bytes v0.4.12
[INFO] [stderr]     Checking threadpool v1.7.1
[INFO] [stderr]     Checking rand v0.6.5
[INFO] [stderr]     Checking resolv-conf v0.6.2
[INFO] [stderr]     Checking rand_core v0.5.1
[INFO] [stderr]     Checking mio v0.6.19
[INFO] [stderr]     Checking signal-hook v0.1.11
[INFO] [stderr]    Compiling cc v1.0.47
[INFO] [stderr]     Checking regex v1.3.1
[INFO] [stderr]     Checking idna v0.1.5
[INFO] [stderr]     Checking idna v0.2.0
[INFO] [stderr]     Checking rand_chacha v0.2.1
[INFO] [stderr]     Checking tokio-io v0.1.12
[INFO] [stderr]     Checking http v0.1.19
[INFO] [stderr]     Checking string v0.2.1
[INFO] [stderr]     Checking input_buffer v0.2.0
[INFO] [stderr]     Checking chrono v0.4.9
[INFO] [stderr]     Checking rand v0.7.2
[INFO] [stderr]     Checking mio-uds v0.6.7
[INFO] [stderr]     Checking mio-extras v2.0.5
[INFO] [stderr]     Checking url v2.1.0
[INFO] [stderr]     Checking url v1.7.2
[INFO] [stderr]     Checking uuid v0.7.4
[INFO] [stderr]     Checking tokio-codec v0.1.1
[INFO] [stderr]     Checking env_logger v0.6.2
[INFO] [stderr]     Checking actix-codec v0.1.2
[INFO] [stderr]    Compiling backtrace-sys v0.1.32
[INFO] [stderr]    Compiling libz-sys v1.0.25
[INFO] [stderr]    Compiling miniz-sys v0.1.12
[INFO] [stderr]    Compiling brotli-sys v0.3.2
[INFO] [stderr]    Compiling libgit2-sys v0.9.1
[INFO] [stderr]    Compiling openssl-sys v0.9.52
[INFO] [stderr]     Checking tokio-reactor v0.1.10
[INFO] [stderr]     Checking actix-utils v0.4.7
[INFO] [stderr]     Checking h2 v0.1.26
[INFO] [stderr]     Checking ctrlc v3.1.3
[INFO] [stderr]     Checking tokio-tcp v0.1.3
[INFO] [stderr]     Checking tokio-udp v0.1.5
[INFO] [stderr]     Checking tokio-signal v0.2.7
[INFO] [stderr]     Checking actix-server-config v0.1.2
[INFO] [stderr]     Checking flate2 v1.0.13
[INFO] [stderr]     Checking backtrace v0.3.40
[INFO] [stderr]     Checking brotli2 v0.3.2
[INFO] [stderr]    Compiling synstructure v0.12.3
[INFO] [stderr]    Compiling pest_generator v2.1.1
[INFO] [stderr]    Compiling git2 v0.10.1
[INFO] [stderr]    Compiling serde_derive v1.0.102
[INFO] [stderr]    Compiling failure_derive v0.1.6
[INFO] [stderr]    Compiling proc-macro-hack v0.5.11
[INFO] [stderr]    Compiling pest_derive v2.1.0
[INFO] [stderr]    Compiling v_escape_derive v0.5.6
[INFO] [stderr]    Compiling actix-web-codegen v0.1.3
[INFO] [stderr]    Compiling derive_more v0.15.0
[INFO] [stderr]    Compiling enum-as-inner v0.2.1
[INFO] [stderr]    Compiling snafu-derive v0.4.4
[INFO] [stderr]    Compiling actix_derive v0.4.0
[INFO] [stderr]    Compiling derive_more v0.14.1
[INFO] [stderr]     Checking failure v0.1.6
[INFO] [stderr]     Checking trust-dns-proto v0.7.4
[INFO] [stderr]     Checking v_escape v0.7.4
[INFO] [stderr]    Compiling const-random-macro v0.1.6
[INFO] [stderr]     Checking snafu v0.4.4
[INFO] [stderr]     Checking const-random v0.1.6
[INFO] [stderr]     Checking ahash v0.2.18
[INFO] [stderr]     Checking trust-dns-resolver v0.11.1
[INFO] [stderr]     Checking actix-threadpool v0.1.2
[INFO] [stderr]     Checking actix-rt v0.2.6
[INFO] [stderr]     Checking actix-connect v0.2.5
[INFO] [stderr]     Checking actix-server v0.6.1
[INFO] [stderr]     Checking actix-testing v0.1.0
[INFO] [stderr]     Checking serde_json v1.0.41
[INFO] [stderr]     Checking serde_urlencoded v0.6.1
[INFO] [stderr]     Checking actix-router v0.1.5
[INFO] [stderr]    Compiling toml v0.5.5
[INFO] [stderr]     Checking actix-http v0.2.11
[INFO] [stderr]     Checking handlebars v1.1.0
[INFO] [stderr]     Checking amq-protocol-types v1.2.0
[INFO] [stderr]    Compiling built v0.3.2
[INFO] [stderr]     Checking amq-protocol-codegen v1.4.0
[INFO] [stderr]    Compiling amiquip v0.3.2
[INFO] [stderr]     Checking awc v0.2.8
[INFO] [stderr]     Checking actix v0.8.3
[INFO] [stderr]     Checking actix-web v1.0.9
[INFO] [stderr]    Compiling amq-protocol v1.4.0
[INFO] [stderr]     Checking actix-web-actors v1.0.3
[INFO] [stderr]     Checking actix-files v0.1.7
[INFO] [stderr]     Checking switchboard v0.1.0 (/opt/rustwide/workdir)
[INFO] [stdout] error[E0583]: file not found for module `messages_generated`
[INFO] [stdout]   --> src/actors.rs:22:1
[INFO] [stdout]    |
[INFO] [stdout] 22 | mod messages_generated;
[INFO] [stdout]    | ^^^^^^^^^^^^^^^^^^^^^^^
[INFO] [stdout]    |
[INFO] [stdout]    = help: to create the module `messages_generated`, create file "src/actors/messages_generated.rs"
[INFO] [stdout] 
[INFO] [stdout] 
[INFO] [stdout] error[E0583]: file not found for module `messages_generated`
[INFO] [stdout]   --> src/actors.rs:22:1
[INFO] [stdout]    |
[INFO] [stdout] 22 | mod messages_generated;
[INFO] [stdout]    | ^^^^^^^^^^^^^^^^^^^^^^^
[INFO] [stdout]    |
[INFO] [stdout]    = help: to create the module `messages_generated`, create file "src/actors/messages_generated.rs"
[INFO] [stdout] 
[INFO] [stdout] 
[INFO] [stdout] error[E0432]: unresolved import `messages_generated::switchboard`
[INFO] [stdout]   --> src/actors.rs:23:25
[INFO] [stdout]    |
[INFO] [stdout] 23 | use messages_generated::switchboard::*;
[INFO] [stdout]    |                         ^^^^^^^^^^^ could not find `switchboard` in `messages_generated`
[INFO] [stdout] 
[INFO] [stdout] 
[INFO] [stdout] error[E0432]: unresolved import `messages_generated::switchboard`
[INFO] [stdout]   --> src/actors.rs:23:25
[INFO] [stdout]    |
[INFO] [stdout] 23 | use messages_generated::switchboard::*;
[INFO] [stdout]    |                         ^^^^^^^^^^^ could not find `switchboard` in `messages_generated`
[INFO] [stdout] 
[INFO] [stdout] 
[INFO] [stdout] error[E0433]: failed to resolve: use of undeclared type or module `ViewEnd`
[INFO] [stdout]    --> src/actors.rs:191:27
[INFO] [stdout]     |
[INFO] [stdout] 191 |                 let end = ViewEnd::create(&mut builder, &ViewEndArgs{});
[INFO] [stdout]     |                           ^^^^^^^ use of undeclared type or module `ViewEnd`
[INFO] [stdout] 
[INFO] [stdout] 
[INFO] [stdout] error[E0433]: failed to resolve: use of undeclared type or module `ViewEnd`
[INFO] [stdout]    --> src/actors.rs:191:27
[INFO] [stdout]     |
[INFO] [stdout] 191 |                 let end = ViewEnd::create(&mut builder, &ViewEndArgs{});
[INFO] [stdout]     |                           ^^^^^^^ use of undeclared type or module `ViewEnd`
[INFO] [stdout] 
[INFO] [stdout] 
[INFO] [stdout] error[E0433]: failed to resolve: use of undeclared type or module `Msg`
[INFO] [stdout]    --> src/actors.rs:193:30
[INFO] [stdout]     |
[INFO] [stdout] 193 |                 let buffer = Msg::create(&mut builder, &MsgArgs{
[INFO] [stdout]     |                              ^^^ use of undeclared type or module `Msg`
[INFO] [stdout] 
[INFO] [stdout] 
[INFO] [stdout] error[E0433]: failed to resolve: use of undeclared type or module `Content`
[INFO] [stdout]    --> src/actors.rs:194:35
[INFO] [stdout]     |
[INFO] [stdout] 194 |                     content_type: Content::ViewEnd,
[INFO] [stdout]     |                                   ^^^^^^^ use of undeclared type or module `Content`
[INFO] [stdout] 
[INFO] [stdout] 
[INFO] [stdout] error[E0433]: failed to resolve: use of undeclared type or module `Msg`
[INFO] [stdout]    --> src/actors.rs:193:30
[INFO] [stdout]     |
[INFO] [stdout] 193 |                 let buffer = Msg::create(&mut builder, &MsgArgs{
[INFO] [stdout]     |                              ^^^ use of undeclared type or module `Msg`
[INFO] [stdout] 
[INFO] [stdout] 
[INFO] [stdout] error[E0425]: cannot find function `get_root_as_msg` in this scope
[INFO] [stdout]    --> src/actors.rs:107:66
[INFO] [stdout]     |
[INFO] [stdout] 107 | ...                   match panic::catch_unwind(|| get_root_as_msg(&msg.body)) {
[INFO] [stdout]     |                                                    ^^^^^^^^^^^^^^^ not found in this scope
[INFO] [stdout] 
[INFO] [stdout] 
[INFO] [stdout] error[E0433]: failed to resolve: use of undeclared type or module `Content`
[INFO] [stdout]    --> src/actors.rs:194:35
[INFO] [stdout]     |
[INFO] [stdout] 194 |                     content_type: Content::ViewEnd,
[INFO] [stdout]     |                                   ^^^^^^^ use of undeclared type or module `Content`
[INFO] [stdout] 
[INFO] [stdout] 
[INFO] [stdout] error[E0425]: cannot find function `get_root_as_msg` in this scope
[INFO] [stdout]    --> src/actors.rs:128:36
[INFO] [stdout]     |
[INFO] [stdout] 128 |                         let root = get_root_as_msg(&msg.flatbuffer); 
[INFO] [stdout]     |                                    ^^^^^^^^^^^^^^^ not found in this scope
[INFO] [stdout] 
[INFO] [stdout] 
[INFO] [stdout] error[E0425]: cannot find function `enum_name_content` in this scope
[INFO] [stdout]    --> src/actors.rs:131:84
[INFO] [stdout]     |
[INFO] [stdout] 131 |                         headers.insert(String::from("type"), AmqpValue::LongString(enum_name_content(root.content_type()).to_string()));
[INFO] [stdout]     |                                                                                    ^^^^^^^^^^^^^^^^^ not found in this scope
[INFO] [stdout] 
[INFO] [stdout] 
[INFO] [stdout] error[E0422]: cannot find struct, variant or union type `ViewEndArgs` in this scope
[INFO] [stdout]    --> src/actors.rs:191:58
[INFO] [stdout]     |
[INFO] [stdout] 191 |                 let end = ViewEnd::create(&mut builder, &ViewEndArgs{});
[INFO] [stdout]     |                                                          ^^^^^^^^^^^ not found in this scope
[INFO] [stdout] 
[INFO] [stdout] 
[INFO] [stdout] error[E0422]: cannot find struct, variant or union type `MsgArgs` in this scope
[INFO] [stdout]    --> src/actors.rs:193:57
[INFO] [stdout]     |
[INFO] [stdout] 193 |                 let buffer = Msg::create(&mut builder, &MsgArgs{
[INFO] [stdout]     |                                                         ^^^^^^^ not found in this scope
[INFO] [stdout] 
[INFO] [stdout] 
[INFO] [stdout] error[E0425]: cannot find function `get_root_as_msg` in this scope
[INFO] [stdout]    --> src/actors.rs:292:19
[INFO] [stdout]     |
[INFO] [stdout] 292 |         let msg = get_root_as_msg(&data); 
[INFO] [stdout]     |                   ^^^^^^^^^^^^^^^ not found in this scope
[INFO] [stdout] 
[INFO] [stdout] 
[INFO] [stdout] error[E0425]: cannot find function `get_root_as_msg` in this scope
[INFO] [stdout]    --> src/actors.rs:344:20
[INFO] [stdout]     |
[INFO] [stdout] 344 |         let root = get_root_as_msg(&msg.flatbuffer); 
[INFO] [stdout]     |                    ^^^^^^^^^^^^^^^ not found in this scope
[INFO] [stdout] 
[INFO] [stdout] 
[INFO] [stdout] error[E0425]: cannot find function `get_root_as_msg` in this scope
[INFO] [stdout]    --> src/actors.rs:107:66
[INFO] [stdout]     |
[INFO] [stdout] 107 | ...                   match panic::catch_unwind(|| get_root_as_msg(&msg.body)) {
[INFO] [stdout]     |                                                    ^^^^^^^^^^^^^^^ not found in this scope
[INFO] [stdout] 
[INFO] [stdout] 
[INFO] [stdout] error[E0425]: cannot find function `get_root_as_msg` in this scope
[INFO] [stdout]    --> src/actors.rs:128:36
[INFO] [stdout]     |
[INFO] [stdout] 128 |                         let root = get_root_as_msg(&msg.flatbuffer); 
[INFO] [stdout]     |                                    ^^^^^^^^^^^^^^^ not found in this scope
[INFO] [stdout] 
[INFO] [stdout] 
[INFO] [stdout] error[E0425]: cannot find function `enum_name_content` in this scope
[INFO] [stdout]    --> src/actors.rs:131:84
[INFO] [stdout]     |
[INFO] [stdout] 131 |                         headers.insert(String::from("type"), AmqpValue::LongString(enum_name_content(root.content_type()).to_string()));
[INFO] [stdout]     |                                                                                    ^^^^^^^^^^^^^^^^^ not found in this scope
[INFO] [stdout] 
[INFO] [stdout] 
[INFO] [stdout] error[E0422]: cannot find struct, variant or union type `ViewEndArgs` in this scope
[INFO] [stdout]    --> src/actors.rs:191:58
[INFO] [stdout]     |
[INFO] [stdout] 191 |                 let end = ViewEnd::create(&mut builder, &ViewEndArgs{});
[INFO] [stdout]     |                                                          ^^^^^^^^^^^ not found in this scope
[INFO] [stdout] 
[INFO] [stdout] 
[INFO] [stdout] error[E0422]: cannot find struct, variant or union type `MsgArgs` in this scope
[INFO] [stdout]    --> src/actors.rs:193:57
[INFO] [stdout]     |
[INFO] [stdout] 193 |                 let buffer = Msg::create(&mut builder, &MsgArgs{
[INFO] [stdout]     |                                                         ^^^^^^^ not found in this scope
[INFO] [stdout] 
[INFO] [stdout] 
[INFO] [stdout] error[E0425]: cannot find function `get_root_as_msg` in this scope
[INFO] [stdout]    --> src/actors.rs:292:19
[INFO] [stdout]     |
[INFO] [stdout] 292 |         let msg = get_root_as_msg(&data); 
[INFO] [stdout]     |                   ^^^^^^^^^^^^^^^ not found in this scope
[INFO] [stdout] 
[INFO] [stdout] 
[INFO] [stdout] error[E0425]: cannot find function `get_root_as_msg` in this scope
[INFO] [stdout]    --> src/actors.rs:344:20
[INFO] [stdout]     |
[INFO] [stdout] 344 |         let root = get_root_as_msg(&msg.flatbuffer); 
[INFO] [stdout]     |                    ^^^^^^^^^^^^^^^ not found in this scope
[INFO] [stdout] 
[INFO] [stdout] 
[INFO] [stderr] error: could not compile `switchboard`.
[INFO] [stdout] error: aborting due to 12 previous errors
[INFO] [stdout] 
[INFO] [stdout] 
[INFO] [stderr] 
[INFO] [stdout] Some errors have detailed explanations: E0422, E0425, E0432, E0433, E0583.
[INFO] [stdout] 
[INFO] [stderr] To learn more, run the command again with --verbose.
[INFO] [stdout] For more information about an error, try `rustc --explain E0422`.
[INFO] [stdout] 
[INFO] [stderr] warning: build failed, waiting for other jobs to finish...
[INFO] [stdout] error: aborting due to 12 previous errors
[INFO] [stdout] 
[INFO] [stdout] 
[INFO] [stdout] Some errors have detailed explanations: E0422, E0425, E0432, E0433, E0583.
[INFO] [stdout] 
[INFO] [stdout] For more information about an error, try `rustc --explain E0422`.
[INFO] [stdout] 
[INFO] [stderr] error: build failed
[INFO] running `Command { std: "docker" "inspect" "3f319f364d121e71fff58c0eafce37f6025eb743f2f1b13ad49ec809653bde3c", kill_on_drop: false }`
[INFO] running `Command { std: "docker" "rm" "-f" "3f319f364d121e71fff58c0eafce37f6025eb743f2f1b13ad49ec809653bde3c", kill_on_drop: false }`
[INFO] [stdout] 3f319f364d121e71fff58c0eafce37f6025eb743f2f1b13ad49ec809653bde3c
